 when 1245104 is divided by 15737?
1881
What is the remainder when 592077 is divided by 5100?
477
What is the remainder when 47706704 is divided by 886?
34
Calculate the remainder when 246337 is divided by 17160.
6097
Calculate the remainder when 26332410 is divided by 85773.
99
Calculate the remainder when 2278593 is divided by 11280.
33
What is the remainder when 15239077 is divided by 3809761?
33
Calculate the remainder when 11462697 is divided by 1011.
990
Calculate the remainder when 2688282 is divided by 246.
240
Calculate the remainder when 9326085 is divided by 1046.
995
What is the remainder when 886477 is divided by 98496?
13
What is the remainder when 218090108 is divided by 170?
168
Calculate the remainder when 7119124 is divided by 9.
7
What is the remainder when 22196 is divided by 5480?
276
What is the remainder when 801362320 is divided by 54?
52
What is the remainder when 1752653 is divided by 26158?
67
Calculate the remainder when 945714 is divided by 284.
278
What is the remainder when 109346705 is divided by 706?
13
What is the remainder when 43260169 is divided by 40?
9
Calculate the remainder when 14066804 is divided by 42.
38
What is the remainder when 115099 is divided by 261?
259
What is the remainder when 1750327 is divided by 3153?
412
Calculate the remainder when 4964365 is divided by 511.
0
What is the remainder when 512388 is divided by 1601?
68
What is the remainder when 28560 is divided by 13397?
1766
What is the remainder when 27142242 is divided by 2795?
2792
Calculate the remainder when 1792804 is divided by 349.
340
What is the remainder when 117222 is divided by 1375?
347
Calculate the remainder when 873138 is divided by 24246.
282
Calculate the remainder when 851160 is divided by 3960.
3720
Calculate the remainder when 4096130 is divided by 136535.
80
What is the remainder when 2370732 is divided by 1185035?
662
What is the remainder when 6047610 is divided by 230?
220
Calculate the remainder when 270093 is divided by 163.
2
Calculate the remainder when 70794 is divided by 11.
9
What is the remainder when 1486723 is divided by 119?
56
Calculate the remainder when 395032 is divided by 2016.
1912
What is the remainder when 15403070 is divided by 21129?
29
What is the remainder when 1344591 is divided by 3303?
270
Calculate the remainder when 7915281 is divided by 1142.
79
Calculate the remainder when 359296134 is divided by 649.
648
What is the remainder when 2369078 is divided by 5260?
2078
Calculate the remainder when 9581677 is divided by 87106.
17
Calculate the remainder when 349102 is divided by 408.
262
Calculate the remainder when 624210 is divided by 208062.
24
Calculate the remainder when 723609 is divided by 3911.
74
What is the remainder when 118614024 is divided by 64?
8
Calculate the remainder when 290687 is divided by 5590.
7
Calculate the remainder when 19621 is divided by 9524.
573
Calculate the remainder when 649018 is divided by 504.
370
Calculate the remainder when 69102 is divided by 13542.
1392
What is the remainder when 339171669 is divided by 727?
724
Calculate the remainder when 500161 is divided by 37.
32
Calculate the remainder when 9523 is divided by 2198.
731
Calculate the remainder when 784860326 is divided by 27.
26
Calculate the remainder when 457621 is divided by 1640.
61
What is the remainder when 2298680 is divided by 42560?
440
Calculate the remainder when 134687954 is divided by 204.
14
Calculate the remainder when 42829 is divided by 2702.
2299
Calculate the remainder when 946737 is divided by 643.
241
What is the remainder when 2100134 is divided by 18262?
4
Calculate the remainder when 223243 is divided by 24660.
1303
Calculate the remainder when 1049916 is divided by 262419.
240
Calculate the remainder when 11745 is divided by 1653.
174
What is the remainder when 125658399 is divided by 5482?
5477
What is the remainder when 8155403 is divided by 79?
75
Calculate the remainder when 7277978 is divided by 911.
910
Calculate the remainder when 164483 is divided by 119.
25
What is the remainder when 81524 is divided by 5029?
1060
What is the remainder when 1931367 is divided by 19?
17
What is the remainder when 91342 is divided by 30267?
541
Calculate the remainder when 485892324 is divided by 6965.
6959
What is the remainder when 108158 is divided by 103?
8
Calculate the remainder when 106975 is divided by 10691.
65
Calculate the remainder when 1340946 is divided by 335229.
30
What is the remainder when 138597921 is divided by 45?
36
Calculate the remainder when 564179117 is divided by 5219.
5217
Calculate the remainder when 44043366 is divided by 14681110.
36
What is the remainder when 2034581 is divided by 86?
79
Calculate the remainder when 1192720 is divided by 405.
400
What is the remainder when 62261 is divided by 1098?
773
Calculate the remainder when 2344320 is divided by 4500.
4320
Calculate the remainder when 17480554 is divided by 1535.
1509
Calculate the remainder when 153814 is divided by 38451.
10
Calculate the remainder when 303971 is divided by 333.
275
Calculate the remainder when 8300242 is divided by 638480.
2
What is the remainder when 405435 is divided by 23813?
614
Calculate the remainder when 5777812 is divided by 14336.
404
Calculate the remainder when 140052789 is divided by 13289.
18
What is the remainder when 60293278 is divided by 472?
470
Calculate the remainder when 330892 is divided by 25378.
978
Calculate the remainder when 12322441 is divided by 882.
19
What is the remainder when 1042623 is divided by 134?
103
What is the remainder when 76474 is divided by 76364?
110
Calculate the remainder when 218047 is divided by 7259.
277
What is the remainder when 522123478 is divided by 1030?
1028
What is the remainder when 3373944 is divided by 13?
2
What is the remainder when 1196883 is divided by 88?
83
What is the remainder when 325183419 is divided by 5?
4
Calculate the remainder when 14668817 is divided by 12.
5
Calculate the remainder when 127217761 is divided by 10197.
10186
What is the remainder when 952134 is divided by 317373?
15
Calculate the remainder when 129661 is divided by 1645.
1351
Calculate the remainder when 992253 is divided by 357.
150
What is the remainder when 80998 is divided by 276?
130
What is the remainder when 154916 is divided by 1986?
8
What is the remainder when 204384 is divided by 2933?
2007
Calculate the remainder when 614351 is divided by 536.
95
What is the remainder when 263835 is divided by 29157?
1422
Calculate the remainder when 76647 is divided by 15226.
517
What is the remainder when 17842 is divided by 8281?
1280
What is the remainder when 61170827 is divided by 1853661?
14
Calculate the remainder when 4714888 is divided by 48111.
10
What is the remainder when 3801743 is divided by 570?
413
What is the remainder when 458376 is divided by 5336?
4816
Calculate the remainder when 34848 is divided by 17049.
750
Calculate the remainder when 5219025 is divided by 109.
105
What is the remainder when 33747088 is divided by 6?
4
Calculate the remainder when 356106 is divided by 31.
9
Calculate the remainder when 193253 is divided by 13.
8
Calculate the remainder when 7134660 is divided by 34.
32
Calculate the remainder when 100918 is divided by 341.
323
Calculate the remainder when 301930647 is divided by 441.
438
Calculate the remainder when 2019529 is divided by 63103.
233
Calculate the remainder when 13662438 is divided by 2732483.
23
Calculate the remainder when 7464981 is divided by 106.
37
Calculate the remainder when 7853 is divided by 187.
186
Calculate the remainder when 67854335 is divided by 67854312.
23
What is the remainder when 24559 is divided by 9?
7
Calculate the remainder when 28686 is divided by 24912.
3774
What is the remainder when 4576006 is divided by 30?
16
What is the remainder when 4045494 is divided by 1348491?
21
What is the remainder when 40844 is divided by 20207?
430
What is the remainder when 1878490 is divided by 187848?
10
What is the remainder when 111145 is divided by 3158?
615
Calculate the remainder when 1266494 is divided by 633245.
4
What is the remainder when 59663 is divided by 11791?
708
What is the remainder when 61324522 is divided by 831?
46
What is the remainder wh